.
75
Calculate the greatest common divisor of 1269 and 289661.
47
Calculate the greatest common factor of 69 and 2832.
3
Calculate the highest common divisor of 119261 and 6487.
499
Calculate the greatest common divisor of 2020265 and 455.
65
Calculate the greatest common factor of 261 and 21054.
87
Calculate the highest common factor of 385 and 84000.
35
Calculate the greatest common factor of 2057 and 234124.
187
Calculate the highest common divisor of 9 and 77157.
9
Calculate the greatest common factor of 12735 and 198.
9
Calculate the greatest common divisor of 76544 and 2080.
416
Calculate the greatest common divisor of 986 and 40484.
58
Calculate the highest common divisor of 11 and 126280.
11
Calculate the greatest common divisor of 137 and 382778.
137
Calculate the greatest common divisor of 105 and 685.
5
What is the greatest common factor of 780265 and 2762?
1381
What is the greatest common divisor of 415100 and 875?
175
What is the highest common divisor of 286 and 442?
26
Calculate the highest common divisor of 103 and 720.
1
Calculate the highest common divisor of 763 and 533882.
109
What is the greatest common factor of 673018 and 356?
178
What is the greatest common divisor of 5220 and 1398?
6
Calculate the greatest common factor of 21070 and 2254.
98
What is the highest common factor of 80817 and 558?
93
What is the highest common divisor of 122 and 22021?
61
What is the highest common factor of 286455 and 2197?
169
Calculate the greatest common divisor of 1649 and 221.
17
Calculate the greatest common factor of 122150 and 5950.
350
Calculate the greatest common factor of 3771 and 35127.
9
What is the greatest common factor of 456 and 382584?
456
What is the highest common divisor of 2488 and 97654?
622
Calculate the highest common divisor of 125049 and 1095.
219
Calculate the highest common factor of 57245 and 60455.
535
What is the greatest common factor of 574 and 42763?
287
What is the greatest common factor of 1471003 and 1293?
431
What is the highest common factor of 5632 and 14848?
512
Calculate the highest common divisor of 4069 and 39125.
313
Calculate the highest common factor of 8967 and 3111.
183
Calculate the highest common factor of 255150 and 216.
54
Calculate the greatest common factor of 1936 and 160204.
484
What is the highest common divisor of 42 and 10782?
6
What is the greatest common factor of 147683 and 23?
23
Calculate the highest common factor of 2779144 and 328.
328
Calculate the highest common factor of 20 and 761840.
20
Calculate the greatest common factor of 364 and 288925.
91
What is the highest common factor of 2204 and 15979?
551
What is the highest common divisor of 85728 and 366?
6
What is the highest common factor of 99652 and 420?
28
What is the highest common divisor of 507297 and 14?
7
Calculate the greatest common factor of 700 and 665.
35
What is the greatest common factor of 3040 and 61940?
380
Calculate the highest common factor of 32736 and 217536.
1056
Calculate the highest common divisor of 219 and 104463.
219
What is the greatest common divisor of 513516 and 4?
4
Calculate the greatest common divisor of 17915954 and 62.
62
Calculate the highest common divisor of 255 and 7690.
5
What is the highest common divisor of 363 and 615?
3
What is the highest common divisor of 115180 and 80?
20
What is the highest common factor of 395017 and 70?
7
What is the highest common factor of 905538 and 1110?
222
What is the greatest common factor of 52892 and 4?
4
What is the highest common factor of 1705 and 145?
5
Calculate the highest common divisor of 1798 and 21452.
62
What is the highest common factor of 10216 and 8?
8
What is the highest common divisor of 468 and 5941?
13
What is the greatest common factor of 149 and 69?
1
Calculate the greatest common divisor of 336 and 116592.
336
Calculate the greatest common factor of 2056005 and 7.
7
Calculate the highest common divisor of 3354 and 73086.
78
What is the greatest common divisor of 2427 and 75?
3
What is the highest common divisor of 178178 and 89?
89
What is the greatest common divisor of 24479 and 28?
7
Calculate the highest common divisor of 2573 and 975167.
2573
What is the highest common divisor of 32 and 352888?
8
What is the highest common divisor of 4268 and 484?
44
Calculate the greatest common divisor of 1458240 and 294.
294
What is the highest common factor of 17 and 172125?
17
Calculate the greatest common factor of 19021 and 232387.
827
What is the greatest common divisor of 435878 and 94?
94
Calculate the greatest common divisor of 35815 and 58.
29
Calculate the greatest common factor of 103592 and 184.
184
What is the greatest common factor of 3267 and 193941?
297
What is the highest common factor of 184 and 617228?
92
What is the highest common divisor of 17 and 236861?
17
What is the highest common factor of 30556416 and 1408?
1408
Calculate the greatest common factor of 304 and 35392.
16
Calculate the greatest common divisor of 89079 and 69.
69
What is the greatest common divisor of 44 and 2528?
4
Calculate the highest common divisor of 42 and 49161.
21
What is the highest common factor of 41040 and 3?
3
Calculate the highest common factor of 1440 and 33312.
96
What is the greatest common divisor of 51851 and 76?
19
What is the greatest common factor of 4732 and 486668?
364
What is the greatest common divisor of 1095 and 12921?
219
Calculate the greatest common divisor of 23732 and 73988.
1396
What is the greatest common divisor of 30296 and 70?
14
What is the greatest common factor of 6099 and 31565?
107
What is the greatest common factor of 56 and 61376?
56
What is the highest common divisor of 420983 and 38?
19
Calculate the highest common factor of 54 and 37773.
27
Calculate the greatest common factor of 30066 and 66.
6
Calculate the highest common factor of 363 and 42174.
33
What is the highest common divisor of 786684 and 24?
12
What is the highest common factor of 8186605 and 595?
595
Calculate the highest common factor of 28 and 269668.
28
What is the greatest common divisor of 457 and 662650?
457
What is the greatest common factor of 1617 and 791?
7
What is the highest common factor of 27444 and 12?
12
Calculate the highest common factor of 17 and 597397.
17
What is the greatest common factor of 737068 and 1648?
412
What is the greatest common divisor of 10175 and 80575?
275
What is the highest common divisor of 15825 and 120?
15
Calculate the greatest common divisor of 11280 and 81075.
705
Calculate the greatest common factor of 12238339 and 214.
107
What is the greatest common factor of 14112 and 102?
6
Calculate the highest common factor of 35392 and 280.
56
Calculate the highest common divisor of 25 and 195200.
25
Calculate the highest common divisor of 344222 and 218.
218
What is the greatest common divisor of 9495472 and 224?
112
What is the greatest common divisor of 46 and 4914134?
46
What is the greatest common factor of 642 and 51574?
214
What is the greatest common divisor of 27355 and 5?
5
Calculate the greatest common factor of 70484 and 8.
4
Calculate the greatest common divisor of 224 and 24542.
14
Calculate the highest common divisor of 28 and 44401.
7
Calculate the highest common divisor of 2 and 32108.
2
Calculate the greatest common factor of 3997258 and 74.
74
Calculate the highest common factor of 1122 and 57732.
102
What is the highest common factor of 4335 and 102510?
255
Calculate the greatest common divisor of 42532 and 55769.
217
What is the greatest common factor of 30691 and 517?
47
Calculate the highest common divisor of 909 and 1956168.
909
What is the highest common factor of 634898 and 22?
22
What is the highest common factor of 61095 and 35?
5
Calculate the greatest common divisor of 15 and 1335.
15
What is the highest common factor of 45945 and 45?
45
Calculate the greatest common factor of 3580 and 21838.
358
Calculate the highest common divisor of 52 and 241124.
52
What is the greatest common divisor of 14 and 250474?
14
What is the highest common divisor of 30534 and 3647?
7
Calculate the highest common divisor of 253 and 828.
23
Calculate the greatest common divisor of 13055 and 2310.
35
Calculate the highest common divisor of 20538 and 42462.
126
What is the greatest com